{"id":2940,"date":"2018-07-30T11:21:06","date_gmt":"2018-07-30T09:21:06","guid":{"rendered":"http:\/\/www.gerhard-hagen.de\/blog\/?post_type=avada_portfolio&#038;p=2940"},"modified":"2020-09-07T08:05:56","modified_gmt":"2020-09-07T06:05:56","slug":"die-cafeteria-der-universitaet-bamberg","status":"publish","type":"avada_portfolio","link":"https:\/\/www.gerhard-hagen.de\/blog\/portfolio-items\/die-cafeteria-der-universitaet-bamberg\/","title":{"rendered":"Die Cafeteria der Universit\u00e4t Bamberg"},"content":{"rendered":"<div class=\"fusion-fullwidth fullwidth-box fusion-builder-row-1 nonhundred-percent-fullwidth non-hundred-percent-height-scrolling\" style=\"--awb-border-radius-top-left:0px;--awb-border-radius-top-right:0px;--awb-border-radius-bottom-right:0px;--awb-border-radius-bottom-left:0px;\" ><div class=\"fusion-builder-row fusion-row\"><div class=\"fusion-layout-column fusion_builder_column fusion-builder-column-0 fusion_builder_column_1_1 1_1 fusion-one-full fusion-column-first fusion-column-last\" style=\"--awb-bg-size:cover;\"><div class=\"fusion-column-wrapper fusion-flex-column-wrapper-legacy\"><div class=\"fusion-text fusion-text-1\"><h2>Die Cafeteria der Universit\u00e4t Bamberg<\/h2>\n<p>Die Cafeteria der Universit\u00e4t Bamberg, eine neue Cafeteria auf dem Markusgel\u00e4nde in Bamberg. Rainer Kriebel vom Architekt\u00fcrb\u00fcro Grellmann Kriebel Teichmann erl\u00e4utert im Interview den Entwurfsgedanken.<\/p>\n<\/div><div class=\"fusion-video fusion-vimeo\" style=\"--awb-max-width:600px;--awb-max-height:360px;\"><div class=\"video-shortcode\"><div class=\"fluid-width-video-wrapper\" style=\"padding-top:60%;\" ><iframe title=\"Vimeo video player 1\" src=\"https:\/\/player.vimeo.com\/video\/87886785?autoplay=0&autopause=0\" width=\"600\" height=\"360\" allowfullscreen allow=\"autoplay; fullscreen\"><\/iframe><\/div><\/div><\/div><div class=\"fusion-clearfix\"><\/div><\/div><\/div><\/div><\/div>\n","protected":false},"excerpt":{"rendered":"","protected":false},"author":1,"featured_media":2941,"menu_order":203,"comment_status":"closed","ping_status":"closed","template":"","format":"standard","meta":[],"portfolio_category":[22,21],"portfolio_skills":[],"portfolio_tags":[],"_links":{"self":[{"href":"https:\/\/www.gerhard-hagen.de\/blog\/wp-json\/wp\/v2\/avada_portfolio\/2940"}],"collection":[{"href":"https:\/\/www.gerhard-hagen.de\/blog\/wp-json\/wp\/v2\/avada_portfolio"}],"about":[{"href":"https:\/\/www.gerhard-hagen.de\/blog\/wp-json\/wp\/v2\/types\/avada_portfolio"}],"author":[{"embeddable":true,"href":"https:\/\/www.gerhard-hagen.de\/blog\/wp-json\/wp\/v2\/users\/1"}],"replies":[{"embeddable":true,"href":"https:\/\/www.gerhard-hagen.de\/blog\/wp-json\/wp\/v2\/comments?post=2940"}],"version-history":[{"count":4,"href":"https:\/\/www.gerhard-hagen.de\/blog\/wp-json\/wp\/v2\/avada_portfolio\/2940\/revisions"}],"predecessor-version":[{"id":3688,"href":"https:\/\/www.gerhard-hagen.de\/blog\/wp-json\/wp\/v2\/avada_portfolio\/2940\/revisions\/3688"}],"wp:featuredmedia":[{"embeddable":true,"href":"https:\/\/www.gerhard-hagen.de\/blog\/wp-json\/wp\/v2\/media\/2941"}],"wp:attachment":[{"href":"https:\/\/www.gerhard-hagen.de\/blog\/wp-json\/wp\/v2\/media?parent=2940"}],"wp:term":[{"taxonomy":"portfolio_category","embeddable":true,"href":"https:\/\/www.gerhard-hagen.de\/blog\/wp-json\/wp\/v2\/portfolio_category?post=2940"},{"taxonomy":"portfolio_skills","embeddable":true,"href":"https:\/\/www.gerhard-hagen.de\/blog\/wp-json\/wp\/v2\/portfolio_skills?post=2940"},{"taxonomy":"portfolio_tags","embeddable":true,"href":"https:\/\/www.gerhard-hagen.de\/blog\/wp-json\/wp\/v2\/portfolio_tags?post=2940"}],"curies":[{"name":"wp","href":"https:\/\/api.w.org\/{rel}","templated":true}]}}

Die Cafeteria der Universität Bamberg

<div class="fusion-fullwidth fullwidth-box fusion-builder-row-1 nonhundred-percent-fullwidth non-hundred-percent-height-scrolling" style="--awb-border-radius-top-left:0px;--awb-border-radius-top-right:0px;--awb-border-radius-bottom-right:0px;--awb-border-radius-bottom-left:0px;" ><div class="fusion-builder-row fusion-row"><div class="fusion-layout-column fusion_builder_column fusion-builder-column-0 fusion_builder_column_1_1 1_1 fusion-one-full fusion-column-first fusion-column-last" style="--awb-bg-size:cover;"><div class="fusion-column-wrapper fusion-flex-column-wrapper-legacy"><div class="fusion-text fusion-text-1"><h2>Die Cafeteria der Universität Bamberg</h2>
<p>Die Cafeteria der Universität Bamberg, eine neue Cafeteria auf dem Markusgelände in Bamberg. Rainer Kriebel vom Architektürbüro Grellmann Kriebel Teichmann erläutert im Interview den Entwurfsgedanken.</p>
</div><div class="fusion-video fusion-vimeo" style="--awb-max-width:600px;--awb-max-height:360px;"><div class="video-shortcode"><div class="fluid-width-video-wrapper" style="padding-top:60%;" ><iframe title="Vimeo video player 1" src="https://player.vimeo.com/video/87886785?autoplay=0&autopause=0" width="600" height="360" allowfullscreen allow="autoplay; fullscreen"></iframe></div></div></div><div class="fusion-clearfix"></div></div></div></div></div>
